(3 - (-2 - (-3 + -1))).
1
What is -5 + (4 - 5) - -8?
2
What is the value of 14 + -4 + (-3 - 1)?
6
What is -4 + (0 - -1) + 1 + -2?
-4
(1 - (0 + -3)) + 16 + -23
-3
Evaluate -11 - (7 - 26 - -8).
0
Calculate -7 + 8 + (2 - 8) - -1.
-4
What is -4 - -4 - (2 + -4)?
2
Calculate -49 + 43 - (-3 + 0) - 0.
-3
What is (-7 - (0 + 1)) + 16 + -13?
-5
What is the value of (-4 - 3) + 5 + (-1 - -8)?
5
What is (-7 - (0 + -4)) + (8 - -1)?
6
11 + (-12 - (6 + -9 + -6))
8
Calculate (3 + -6 - -10) + -10.
-3
Calculate -1 + -5 + 3 + 4 + -1.
0
Evaluate 93 + -100 + (0 - -5).
-2
Calculate 0 - (3 - (-1 - -3)).
-1
(-3 - (2 + 8)) + (-5 - -10)
-8
What is the value of -1 + 10 + (-25 - (11 - 25))?
-2
Calculate -3 + 7 + -3 + -1 - -3.
3
Evaluate 0 + 3 + (-7 - -5).
1
What is the value of (-2 - -1) + (4 - (-8 - -9))?
2
What is (25 - 4) + -8 + -8?
5
0 - 0 - (-7 + (-5 - -10))
2
Evaluate 6 - -3 - 12 - -9.
6
What is the value of (1 - 1) + (2 - (0 + 7))?
-5
10 + (-2 - 2) + -2
4
Calculate 5 - (1 + -4 + 7) - -2.
3
What is the value of (3 - 0) + -9 + 6?
0
What is the value of 3 + 7 + -2 - 5?
3
What is -4 + -11 + 7 + (11 - 3)?
0
Calculate -1 + (2 - 1) + 0 - -4.
4
What is 12 + -1 + (0 - 5)?
6
Calculate -7 + 4 - -1 - (0 - 1).
-1
Calculate (14 - -1) + (4 - 11).
8
What is (-5 - -2) + -7 + 14?
4
Evaluate 17 + -4 + -7 + -8.
-2
What is -6 + 2 + 10 - 10?
-4
(4 - 6) + 19 + -13 - 9
-5
What is -15 + 13 + (2 - (-1 + 0))?
1
Evaluate 3 + 1 + (-7 - (-3 - -3)).
-3
What is -1 - (4 + -7) - (6 - 15)?
11
What is the value of 12 + -1 + -15 + 7?
3
What is the value of (-6 - (1 + 0)) + -119 + 124?
-2
-33 + 42 + 1 + -17
-7
-3 + 1 - (-11 + 15)
-6
6 - 4 - 6 - -10
6
8 + 3 + -9 - -2
4
Evaluate (6 - (-6 - -18)) + -1 + 3.
-4
What is the value of (-1 - -1) + (0 - 1) + 4?
3
Calculate -8 - -12 - 6 - (-2 + 1).
-1
What is the value of 1 - -4 - ((1 - -4) + 1)?
-1
Evaluate -7 - 1 - -13 - -2.
7
-5 - -14 - (-3 + 8 + 1)
3
What is the value of (2 - -1) + (-20 - -14) - -5?
2
0 + 0 + (3 - 1)
2
What is (1 - -1 - 2) + 3 + 1?
4
Calculate -3 - 1 - -4 - 1.
-1
Calculate -5 + 16 + (-14 - -3).
0
2 - (6 + -9) - 3
2
Evaluate 13 + (-16 + 2 - 3).
-4
-4 - (-9 - -4) - 0 - -3
4
Evaluate -1 + 3 + 2 - (-2 - -3).
3
Calculate -13 - -22 - (22 - 7).
-6
2 - (-10 - 3 - -9)
6
Evaluate (-4 - -2 - -1) + 5.
4
Evaluate 1 - (-1 + 0 - (3 + -4)).
1
Calculate -1 + 2 + (-2 - -4) - 1.
2
Calculate (-5 - (3 - 4 - 6)) + 0.
2
Evaluate (-17 - -12) + 0 + (7 - 0).
2
What is -1 + (-5 - (6 + -4 - 1))?
-7
(-1 - 0) + -2 + 1 + -1
-3
Calculate -8 + (-5 - (-5 + -2) - -3).
-3
Calculate (16 - (7 - -3)) + -1.
5
Evaluate (1 - (4 + 0)) + 66 + -62.
1
Calculate 6 + 3 + -24 + 8.
-7
What is (4 - 4 - -4) + 0 + 1?
5
Calculate 5 - (5 + (7 - 3)).
-4
(3 - 2) + -4 + 1 + 5
3
-4 + (2 - 5 - -5)
-2
1 - 0 - (-9 + -5 - -19)
-4
Calculate -2 + (2 + -1 - 1) + 1.
-1
Evaluate (0 + 4 - 2) + (-7 - -5).
0
Evaluate 1 + 3 + (5 - 6).
3
What is -8 - (8 + -18) - (-2 + -1)?
5
What is the value of 12 - 7 - (1 - -10)?
-6
7 + ((1 - -4) + -2 - 2)
8
What is the value of 10 - (-5 - (10 + -18))?
7
What is the value of 2 - 7 - (6 + -13)?
2
-2 - (-7 - (-4 - 0 - -2))
3
1 - ((0 - (-1 + -4)) + -1)
-3
15 + (-7 - 10) - (4 - -1)
-7
What is (8 - (1 + -6)) + -8?
5
What is the value of -3 + -2 + (1 - 2) + 2?
-4
Evaluate -4 + -1 + 2 + (8 - 8).
-3
Evaluate 4 - 1 - (3 + -5 + 6).
-1
Calculate 7 - (-3 + (19 - 5)).
-4
(6 - 1) + (26 - 33)
-2
2 + -7 - -13 - 6
2
What is -8 - -11 - (12 + -3)?
-6
What is the value of 1 + 4 + (-5 - -2)?
2
What is the value of (-1 - -3 - (2 + -1)) + 6?
7
Evaluate 1 - (-6 + 5 + -2) - 0.
4
4 + 2 - (4 + -3 + 3)
2
Evaluate 2 - (0 + -5) - 9.
-2
Calculate 4 + 2 + -3 + (4 - 6).
1
-1 + 3 + -2 + -3 + 5
2
Evaluate -3 - (8 + -12) - -1.
2
-3 + 1 - (-8 + (-1 - -3))
4
Calculate -2 + (-5 - -3 - (-5 + -1)).
2
Evaluate 159 + -153 + 1 + -12 + 1.
-4
Calculate (-3 - (5 - 7)) + (-6 - -5).
-2
Calculate 1 + -1 + -1 + -3 + 4.
0
Calculate -2 + 1 - (5 - 9 - -6).
-3
Evaluate -4 + (8 - 4) + 0 + 0.
0
What is -8 - (4 - (6 + 4))?
-2
What is the value of 6 - (7 - -7) - (-10 - 1)?
3
Evaluate 0 + (17 - 9) - 1.
7
What is the value of -6 + (3 - 4 - -3)?
-4
Calculate -11 - (2 - 6 - 4).
-3
10 + (3 - 2 - 10)
1
What is 16 - (-8 + 4 + 2 + 9)?
9
Calculate -3 - (-2 + 3 + 0 + -1).
-3
2 + -12 + 5 + 2
-3
What is 3 - (-5 + (-4 - -2 - -11))?
-1
Evaluate 2 + 2 + -5 - -9.
8
What is the value of 7 + -20 + 1 + (5 - 0)?
-7
28 + -23 + (2 - -2) + -7
2
Calculate (-2 - 1 - 0) + (-4 - -7).
0
-5 + 7 - (-3 - (-1 + -1))
3
What is the value of -2 - (3 + -4 + 1)?
-2
Calculate -6 + 4 + (11 - 10) - 7.
-8
What is the value of -1 + -3 - (-1 + 3)?
-6
Evaluate -3 - ((2 - 0) + -8).
3
What is (8 - 1) + 65 + -70?
2
What is the value of -3 + (7 - (12 - 6))?
-2
What is the value of 5 + 0 - 7 - -1?
-1
Calculate 1 + 1 + -2 + -1 + -1.
-2
Evaluate 2 + 4 - (11 - -2 - 12).
5
Calculate 0 + (3 - (3 + 2 + -1)).
-1
Calculate -1 + 1 + (-2 - -1).
-1
Calculate (1 - 1) + 0 + 3.
3
What is the value of (-2 - 0) + (5 + 0 - 1)?
2
Evaluate -9 + 2 + (-4 - -4).
-7
Calculate -3 + 0 + (4 - 1) + -3.
-3
Evaluate 11 - 4 - (0 - -1).
6
What is the value of 9 - (-5 + 4 + 5)?
5
Calculate -10 + (0 - (-9 + (-3 - -7))).
-5
6 - 10 - (1 + -7)
2
Calculate (1 + -3 - -5) + -1 + -1.
1
Calculate -1 + 6 + (-5 - (-4 - 0)).
4
What is the value of 0 - (2 - (0 - 1))?
-3
What is (0 - 3) + -8 + -2 + 9?
-4
What is the value of 6 + -3 - (12 - 4)?
-5
What is (44 - 44) + -7 + 2?
-5
What is -9 + 2 + 3 - (19 + -31)?
8
What is (-7 - -10 - 10) + 10?
3
-16 + 16 + -5 - -8
3
Evaluate (-3 - -2) + (-2 - (-20 + 9)).
8
Calculate (1 - (3 + 1)) + 3.
0
-7 + 2 - -13 - 12
-4
What is the value of 1 + -4 + 3 + 3?
3
Calculate (-1 - -4) + -1 + (-54 - -47).
-5
What is 6 + (-4 + -3 - -11 - 21)?
-11
What is 4 + (3 - 3) - 2?
2
Evaluate 3 + -6 + -12 + 10 + -4.
-9
Calculate (1 - -1) + 1 - (-19 - -26).
-4
Calculate -2 + (6 - (-3 + 1 + 5)).
1
Calculate 3 - (9 + -1 - 9).
4
Calculate 3 + -7 - -5 - (-4 + 5).
0
1 + -5 - (-4 + -3)
3
Evaluate (3 - -2) + (-12 - -10).
3
Calculate 6 + 1 + -5 - 3.
-1
What is -6 + 4 + 2 + (-2 - 3)?
-5
What is -5 - (-2 - 4 - -3) - -10?
8
Evaluate (7 - 5) + -1 + -1 + -5.
-5
Evaluate -10 - (0 + 10 + -17).
-3
0 + 0 - (0 - (-10 + 7))
-3
1 + -1 + (-3 - -5)
2
What is the value of 1 - ((-10 - -17) + (5 - 1))?
-10
Calculate 2 - 11 - (-27 - -28).
-10
What is -2 + -19 + 19 + (3 - 1)?
0
What is the value of (10 - (9 - 0)) + -9?
-8
Evaluate -8 + (-8 - -7) + 7.
-2
Calculate 8 + (0 - -8 - 15).
1
Calculate -3 - -8 - (-5 + 13).
-3
What is the value of (-10 + 9 - 0) + 4?
3
Evaluate -1 + 2 - (-17 + 18).
0
What is 8 + -1 - ((-1 - -3) + 1)?
4
What is (7 - 3) + 6 + (9 - 20)?
-1
What is 0 + 0 + 1 + 0 + -6?
-5
What is the value of 0 + 4 + -3 + (-9 - -6)?
-2
What is 3 - (11 + -6 + 5)?
-7
What is the value of 9 + 0 + -3 + -2?
4
What is 11 + (-10 - -6) + (1 - 6)?
2
What is the value of (-8 - -14) + (-4 - 1)?
1
Evaluate 8 - (5 - -6) - 0.
-3
Calculate 7 - -1 - (18 - 12).
2
Evaluate (3 - 2 - 9) + (0 - -5).
-3
-2 + 3 + -9 + 4
-4
Evaluate 3 - ((-1 - 1) + (5 - 5)).
5
Evaluate (-7 - 4 - -11) + 0 + -1.
-1
3 - (0 - -3 - (4 - 6))
-2
What is (-5 - -5 - 2) + 6?
4
Evaluate 4 + -9 - ((-6 - 1) + 1).
1
-1 + 4 - (1 - -4 - 0)
-2
Evaluate -7 + 1 - -11 - 10.
-5
What is (-4 - -5) + 0 - 5?
-4
(4 - 0) + (5 - 4)
5
(1 + -2 + 6 - 7) + 5
3
Evaluate -5 + 1 + (15 - (7 + 9)).
-5
Evaluate -2 - (-10 + 4) - 9.
-5
What is the value of (17 + -12 - 6) + -10?
-11
What is 0 + -4 + 2 + -3?
-5
Calculate 5 - (11 + 6 + 1 + -8).
-5
What is the value of 1 + 1 + (-6 - (13 - 17))?
0
What is the value of (93 - 91) + -1 + (-1 - 2)?
-2
What is the value of -2 + (-5 + 5 + 2 - 1)?
-1
What is 2 + -2 + (1 - 0)?
1
Calculate -2 + (5 - 9) + 8.
2
(0 - -2) + -2 + 1 + 1
2
What is -1 - 4 - ((-30 - -13) + 15)?
-3
Calculate 10 + -5 + -3 + 3.
5
0 + 0 - 0 - (68 - 71)
3
What is 6 + -4 + -2 + 0?
0
Calculate 4 + 6 - (-17 - -33).
-6
Calculate 8 - 1 - (12 - 8).
3
What is the value of 1 + 1 - (1 + -5 + 11)?
-5
Evaluate 5 + 4 + -1 + (4 - 5).
7
What is the value of (2 - (-2 - 1)) + 1 + -4?
2
Evaluate 6 + (6 + -5 - 3).
4
What is (0 - 1) + -18 + 17?
-2
Calculate -2 - (1 + -6) - 7.
-4
-7 - (-4 - (2 + -2))
-3
Calculate (-3 - -1 - -2) + -1 + 2.
1
What is the value of (0 - -6) + (15 - 25)?
-4
Evaluate -3 - ((1 - -5) + -12).
3
2 - (1 + 1) - (17 + -18)
1
What is the value of 0 - (4 - (3 + -1 + -1))?
-3
What is 0 - 0 - -9 - 12?
-3
Calculate 